1
List the prime factors of 479308.
2, 119827
What are the prime factors of 753262?
2, 376631
List the prime factors of 376211.
11, 23, 1487
List the prime factors of 5658580.
2, 5, 19, 14891
What are the prime factors of 9246398?
2, 7, 94351
What are the prime factors of 79897?
109, 733
What are the prime factors of 266774?
2, 133387
What are the prime factors of 63748?
2, 15937
List the prime factors of 591243.
3, 17, 11593
List the prime factors of 1965630.
2, 3, 5, 65521
List the prime factors of 326548.
2, 81637
List the prime factors of 29322754.
2, 14661377
What are the prime factors of 6148755?
3, 5, 107, 1277
List the prime factors of 1155355.
5, 269, 859
What are the prime factors of 2798469?
3, 34549
List the prime factors of 4425872.
2, 11, 25147
List the prime factors of 228462.
2, 3, 13, 29, 101
What are the prime factors of 5865464?
2, 11, 66653
What are the prime factors of 53647?
11, 4877
What are the prime factors of 559075?
5, 11, 19, 107
List the prime factors of 22155221.
11, 283, 647
List the prime factors of 367615.
5, 73523
List the prime factors of 11676908.
2, 29, 43, 2341
List the prime factors of 13818556.
2, 619, 5581
List the prime factors of 738733.
179, 4127
What are the prime factors of 1173736?
2, 23, 6379
List the prime factors of 17115884.
2, 19, 113, 1993
List the prime factors of 7606281.
3, 1229, 2063
List the prime factors of 84716.
2, 21179
List the prime factors of 1359499.
1359499
What are the prime factors of 670703?
11, 23, 241
List the prime factors of 162185.
5, 163, 199
What are the prime factors of 212138?
2, 73, 1453
What are the prime factors of 585257?
19, 30803
What are the prime factors of 1396095?
3, 5, 163, 571
List the prime factors of 7867143.
3, 874127
List the prime factors of 3277678.
2, 113, 14503
List the prime factors of 9817513.
9817513
What are the prime factors of 37141?
13, 2857
List the prime factors of 730.
2, 5, 73
What are the prime factors of 623389?
13, 79, 607
List the prime factors of 460804.
2, 115201
List the prime factors of 7236911.
11, 307, 2143
List the prime factors of 149933.
7, 21419
What are the prime factors of 860652?
2, 3, 13, 613
What are the prime factors of 33274378?
2, 16637189
List the prime factors of 23990042.
2, 107, 112103
List the prime factors of 2671826.
2, 67, 127, 157
What are the prime factors of 1454751?
3, 161639
List the prime factors of 15501803.
15501803
List the prime factors of 1452637.
1452637
List the prime factors of 13652040.
2, 3, 5, 29, 3923
What are the prime factors of 11055831?
3, 17, 216781
What are the prime factors of 1346742?
2, 3, 23, 3253
What are the prime factors of 215741?
443, 487
What are the prime factors of 1932975?
3, 5, 11, 71
What are the prime factors of 1437391?
1437391
What are the prime factors of 1569329?
1569329
List the prime factors of 5265689.
11, 13, 23, 1601
What are the prime factors of 586793?
586793
What are the prime factors of 596743?
7, 163, 523
What are the prime factors of 127391?
11, 37, 313
What are the prime factors of 607590?
2, 3, 5, 43, 157
What are the prime factors of 1102885?
5, 7, 31511
List the prime factors of 183486.
2, 3, 53, 577
List the prime factors of 173656.
2, 7, 443
What are the prime factors of 10580346?
2, 3, 7, 131, 641
What are the prime factors of 80127?
3, 29, 307
List the prime factors of 3724089.
3, 487, 2549
List the prime factors of 1314889.
29, 45341
What are the prime factors of 2659979?
7, 379997
List the prime factors of 138655.
5, 11, 2521
What are the prime factors of 268007?
83, 3229
What are the prime factors of 81694?
2, 40847
List the prime factors of 636443.
19, 41, 43
What are the prime factors of 2896531?
11, 19, 13859
List the prime factors of 163701.
3, 43, 47
What are the prime factors of 5448268?
2, 7, 194581
List the prime factors of 7615540.
2, 5, 380777
List the prime factors of 33596091.
3, 3732899
List the prime factors of 682321.
682321
What are the prime factors of 456987?
3, 23, 37, 179
What are the prime factors of 5758064?
2, 13, 19, 31, 47
List the prime factors of 644419.
17, 37907
List the prime factors of 1116115.
5, 7, 11, 13, 223
List the prime factors of 609864.
2, 3, 25411
List the prime factors of 207454.
2, 13, 79, 101
List the prime factors of 185595.
3, 5, 12373
List the prime factors of 175093.
311, 563
List the prime factors of 2365144.
2, 239, 1237
What are the prime factors of 3065?
5, 613
What are the prime factors of 3039572?
2, 759893
List the prime factors of 64828.
2, 19, 853
What are the prime factors of 1208030?
2, 5, 107, 1129
What are the prime factors of 161112?
2, 3, 7, 137
What are the prime factors of 2102851?
2102851
List the prime factors of 44589.
3, 89, 167
List the prime factors of 844084.
2, 17, 12413
What are the prime factors of 409434?
2, 3, 68239
What are the prime factors of 34496?
2, 7, 11
List the prime factors of 10434278.
2, 5217139
List the prime factors of 4138127.
7, 591161
What are the prime factors of 14802204?
2, 3, 653, 1889
List the prime factors of 9773097.
3, 3257699
List the prime factors of 158512.
2, 9907
List the prime factors of 420817.
71, 5927
List the prime factors of 1530750.
2, 3, 5, 13, 157
List the prime factors of 1245486.
2, 3, 11, 113, 167
List the prime factors of 9916362.
2, 3, 550909
List the prime factors of 239700.
2, 3, 5, 17, 47
What are the prime factors of 3823258?
2, 773, 2473
List the prime factors of 437817.
3, 19, 7681
What are the prime factors of 166870?
2, 5, 11, 37, 41
What are the prime factors of 436284?
2, 3, 12119
What are the prime factors of 195768?
2, 3, 2719
What are the prime factors of 285840?
2, 3, 5, 397
List the prime factors of 395511.
3, 131837
What are the prime factors of 15016526?
2, 7, 83, 12923
What are the prime factors of 6377679?
3, 7, 11, 9203
What are the prime factors of 16355752?
2, 7, 97, 3011
List the prime factors of 254217.
3, 101, 839
List the prime factors of 44142.
2, 3, 7, 1051
What are the prime factors of 223210?
2, 5, 13, 17, 101
List the prime factors of 204743.
7, 11, 2659
List the prime factors of 278081.
29, 43, 223
What are the prime factors of 937168?
2, 58573
List the prime factors of 1536165.
3, 5, 3793
What are the prime factors of 20465818?
2, 313, 32693
What are the prime factors of 194987?
13, 53, 283
What are the prime factors of 1106302?
2, 353, 1567
What are the prime factors of 11998971?
3, 1333219
What are the prime factors of 8686256?
2, 542891
List the prime factors of 8759378.
2, 4379689
List the prime factors of 4037072.
2, 13, 1493
What are the prime factors of 471277?
471277
List the prime factors of 193850.
2, 5, 3877
List the prime factors of 17511535.
5, 43, 79, 1031
What are the prime factors of 1608880?
2, 5, 7, 13, 17
What are the prime factors of 353866?
2, 176933
List the prime factors of 276345.
3, 5, 23, 89
List the prime factors of 937801.
937801
What are the prime factors of 791703?
3, 11, 727
What are the prime factors of 5806190?
2, 5, 13, 59, 757
What are the prime factors of 116679?
3, 19, 23, 89
What are the prime factors of 313086?
2, 3, 52181
List the prime factors of 23877417.
3, 347, 22937
What are the prime factors of 859043?
193, 4451
What are the prime factors of 4846978?
2, 2423489
What are the prime factors of 4302999?
3, 478111
List the prime factors of 24950.
2, 5, 499
What are the prime factors of 181325?
5, 7253
List the prime factors of 6407641.
157, 40813
What are the prime factors of 27305001?
3, 37, 167, 491
List the prime factors of 404231.
29, 53, 263
What are the prime factors of 8682870?
2, 3, 5, 7, 173, 239
What are the prime factors of 4949169?
3, 29, 163, 349
What are the prime factors of 64628?
2, 107, 151
What are the prime factors of 2960429?
397, 7457
List the prime factors of 245526.
2, 3, 151, 271
List the prime factors of 254953.
193, 1321
List the prime factors of 9494166.
2, 3, 11, 97, 1483
List the prime factors of 422599.
269, 1571
What are the prime factors of 585513?
3, 67, 971
What are the prime factors of 21537032?
2, 11, 19, 1171
List the prime factors of 207249.
3, 7, 71, 139
What are the prime factors of 378383?
61, 6203
What are the prime factors of 3706370?
2, 5, 97, 3821
What are the prime factors of 8581683?
3, 11, 47, 503
